1 (base 14) to base 15
-1
-26 (base 13) to base 8
-40
Convert 406 (base 7) to base 8.
312
ba (base 13) to base 16
99
5f (base 16) to base 2
1011111
Convert 2 (base 13) to base 15.
2
Convert 73 (base 11) to base 12.
68
What is -100 (base 3) in base 10?
-9
1 (base 12) to base 14
1
What is -2 (base 4) in base 10?
-2
Convert -1 (base 12) to base 11.
-1
What is 8 (base 11) in base 13?
8
66 (base 8) to base 5
204
Convert 12 (base 3) to base 2.
101
Convert 0 (base 13) to base 2.
0
What is -7 (base 9) in base 8?
-7
2 (base 13) to base 2
10
Convert 21 (base 8) to base 7.
23
What is 7 (base 14) in base 16?
7
Convert -4 (base 13) to base 12.
-4
Convert 4 (base 8) to base 4.
10
Convert -174 (base 14) to base 10.
-298
What is -b (base 12) in base 4?
-23
-5 (base 7) to base 12
-5
What is 111 (base 2) in base 4?
13
What is -151 (base 6) in base 16?
-43
-50 (base 9) to base 13
-36
What is -2220 (base 3) in base 8?
-116
-2 (base 15) to base 3
-2
What is -5 (base 11) in base 10?
-5
Convert 4 (base 16) to base 15.
4
What is -22 (base 14) in base 4?
-132
What is 3a (base 14) in base 3?
1221
Convert -44 (base 15) to base 6.
-144
Convert -16 (base 9) to base 16.
-f
11101111 (base 2) to base 15
10e
-1 (base 14) to base 4
-1
What is 8 (base 12) in base 4?
20
1 (base 13) to base 3
1
-4 (base 8) to base 15
-4
-133 (base 7) to base 13
-58
Convert -6 (base 9) to base 3.
-20
Convert -11 (base 4) to base 9.
-5
-10101 (base 2) to base 14
-17
Convert cc (base 15) to base 10.
192
Convert 4 (base 11) to base 4.
10
What is -105 (base 8) in base 10?
-69
What is 121 (base 3) in base 16?
10
What is -35 (base 8) in base 14?
-21
What is 2 (base 12) in base 2?
10
What is 281 (base 9) in base 4?
3223
What is 7 (base 9) in base 15?
7
-113 (base 6) to base 4
-231
What is -7 (base 8) in base 3?
-21
4 (base 12) to base 7
4
-65 (base 13) to base 14
-5d
What is 11010 (base 2) in base 7?
35
-1 (base 14) to base 4
-1
-12010 (base 3) to base 15
-93
What is -173 (base 12) in base 7?
-450
Convert -3 (base 6) to base 5.
-3
30 (base 9) to base 4
123
Convert 56 (base 15) to base 6.
213
Convert -13 (base 6) to base 12.
-9
What is -11 (base 2) in base 9?
-3
What is 1202 (base 3) in base 13?
38
Convert 21 (base 4) to base 14.
9
What is -6 (base 8) in base 12?
-6
Convert 4 (base 10) to base 13.
4
What is -10 (base 2) in base 3?
-2
2 (base 4) to base 6
2
Convert 16 (base 16) to base 12.
1a
What is 3 (base 6) in base 10?
3
Convert 8 (base 10) to base 7.
11
-6 (base 15) to base 16
-6
Convert 13 (base 4) to base 15.
7
What is 40 (base 5) in base 3?
202
110 (base 2) to base 5
11
Convert -18 (base 9) to base 12.
-15
10 (base 9) to base 3
100
Convert 4 (base 9) to base 14.
4
What is -18 (base 11) in base 15?
-14
What is 1021 (base 7) in base 12?
25a
-1121 (base 4) to base 9
-108
Convert 81 (base 9) to base 4.
1021
What is 1 (base 8) in base 4?
1
Convert -14 (base 11) to base 10.
-15
What is -13 (base 6) in base 5?
-14
What is -21 (base 5) in base 7?
-14
What is -6 (base 10) in base 2?
-110
Convert 2 (base 15) to base 4.
2
124 (base 6) to base 7
103
What is 37 (base 12) in base 3?
1121
What is 11 (base 4) in base 12?
5
300 (base 4) to base 2
110000
What is -63 (base 16) in base 8?
-143
What is 2 (base 10) in base 11?
2
What is -1010010 (base 2) in base 16?
-52
-1121 (base 3) to base 2
-101011
What is -10 (base 4) in base 3?
-11
Convert 91 (base 10) to base 2.
1011011
Convert 2 (base 3) to base 8.
2
What is -b (base 12) in base 11?
-10
Convert 112 (base 10) to base 6.
304
What is 3 (base 14) in base 12?
3
-165 (base 12) to base 14
-11b
5 (base 8) to base 15
5
8 (base 10) to base 5
13
Convert -2 (base 15) to base 9.
-2
-2 (base 4) to base 5
-2
-7 (base 10) to base 7
-10
What is -5 (base 15) in base 6?
-5
-1011 (base 3) to base 7
-43
Convert 1b (base 14) to base 4.
121
What is 112 (base 3) in base 12?
12
What is -25 (base 15) in base 12?
-2b
Convert 3 (base 14) to base 5.
3
Convert -4 (base 7) to base 4.
-10
What is -10 (base 2) in base 4?
-2
Convert -1 (base 7) to base 12.
-1
What is -4 (base 16) in base 4?
-10
What is -655 (base 7) in base 16?
-14e
What is 3 (base 16) in base 3?
10
What is -5a (base 12) in base 7?
-130
Convert 2010 (base 3) to base 5.
212
-79 (base 15) to base 12
-96
Convert -1011101 (base 2) to base 3.
-10110
6a (base 11) to base 15
51
39 (base 16) to base 12
49
What is 55 (base 15) in base 5?
310
Convert -10 (base 3) to base 14.
-3
What is -4 (base 5) in base 14?
-4
What is -114 (base 6) in base 13?
-37
-1 (base 10) to base 15
-1
What is 4 (base 15) in base 8?
4
What is 5 (base 9) in base 3?
12
Convert 2 (base 13) to base 3.
2
Convert 244 (base 7) to base 12.
aa
-21 (base 15) to base 4
-133
What is -4 (base 8) in base 9?
-4
-11200 (base 3) to base 15
-86
Convert -47 (base 12) to base 10.
-55
Convert 141 (base 10) to base 4.
2031
What is 111 (base 5) in base 13?
25
-141 (base 7) to base 15
-53
Convert 10 (base 6) to base 2.
110
What is 7c (base 14) in base 8?
156
Convert -25 (base 9) to base 6.
-35
242 (base 11) to base 14
168
-9 (base 12) to base 3
-100
Convert -102200 (base 3) to base 8.
-473
What is -221 (base 5) in base 10?
-61
Convert 8 (base 13) to base 7.
11
Convert 100 (base 2) to base 14.
4
-1 (base 4) to base 6
-1
Convert -211 (base 4) to base 15.
-27
Convert -83 (base 10) to base 6.
-215
8 (base 12) to base 16
8
64 (base 9) to base 4
322
What is 110101 (base 2) in base 4?
311
What is 0 (base 7) in base 4?
0
What is -2 (base 12) in base 10?
-2
Convert 1 (base 6) to base 16.
1
-113 (base 8) to base 3
-2210
Convert -1 (base 15) to base 9.
-1
-245 (base 6) to base 15
-6b
Convert -25 (base 13) to base 15.
-21
What is 3 (base 14) in base 6?
3
13 (base 13) to base 14
12
-d3 (base 16) to base 5
-1321
What is 15 (base 10) in base 14?
11
-6 (base 13) to base 11
-6
What is 1 (base 4) in base 3?
1
Convert 333 (base 5) to base 11.
85
-14 (base 9) to base 12
-11
What is -10111 (base 2) in base 12?
-1b
9a (base 12) to base 7
226
Convert -30 (base 11) to base 5.
-113
6 (base 8) to base 3
20
What is -1102 (base 7) in base 8?
-612
What is 21 (base 6) in base 11?
12
103 (base 7) to base 8
64
5 (base 14) to base 4
11
-1 (base 13) to base 3
-1
What is -4 (base 12) in base 8?
-4
What is 3 (base 15) in base 8?
3
What is 13 (base 7) in base 10?
10
-3 (base 11) to base 7
-3
-6 (base 16) to base 11
-6
What is 2 (base 5) in base 11?
2
Convert 2 (base 13) to base 8.
2
What is -5 (base 10) in base 4?
-11
Convert -433 (base 5) to base 2.
-1110110
1 (base 5) to base 15
1
Convert -257 (base 11) to base 15.
-154
-12 (base 9) to base 12
-b
-4 (base 15) to base 13
-4
2012 (base 4) to base 8
206
-80 (base 12) to base 13
-75
Convert -9 (base 10) to base 13.
-9
Convert -f1 (base 16) to base 3.
-22221
-3a (base 11) to base 16
-2b
What is 27 (base 16) in base 3?
1110
-24 (base 6) to base 11
-15
Convert 55 (base 16) to base 3.
10011
What is -c (base 14) in base 3?
-110
15 (base 8) to base 6
21
Convert -5 (base 8) to base 14.
-5
1100011 (base 2) to base 6
243
2 (base 9) to base 7
2
4 (base 5) to base 10
4
-9 (base 12) to base 9
-10
5 (base 9) to base 13
5
Convert -10111011 (base 2) to base 3.
-20221
Convert 3a (base 14) to base 9.
57
Convert -111101 (base 2) to base 12.
-51
Convert -2 (base 6) to base 12.
-2
What is -2 (base 9) in base 7?
-2
Convert 1000 (base 2) to base 8.
10
-1103 (base 5) to base 3
-12200
Convert -74 (base 13) to base 10.
-95
What is -1 (base 12) in base 2?
-1
What is -1 (base 5) in base 4?
-1
What is 1 (base 11) in base 10?
1
Convert -4 (base 7) to base 5.
-4
25 (base 11) to base 16
1b
What is -33 (base 7) in base 10?
-24
-7b (base 15) to base 6
-312
What is 11 (base 5) in base 3?
20
What is 3 (base 14) in base 8?
3
-10000011 (base 2) to base 14
-95
Convert 101101 (base 2) to base 4.
231
13 (base 12) to base 3
120
Convert -89 (base 11) to base 8.
-141
What is -71 (base 14) in base 4?
-1203
Convert -20 (base 8) to base 12.
-14
Convert 97 (base 16) to base 12.
107
Convert -233 (base 4) to base 10.
-47
What is -1034 (base 5) in base 11?
-121
c (base 13) to base 15
c
What is -3 (base 9) in base 8?
-3
What is 51 (base 6) in base 10?
31
What is -4 (base 16) in base 5?
-4
What is -2 (base 15) in base 3?
-2
What is -205 (base 6) in base 12?
-65
What is -204 (base 11) in base 6?
-1050
What is 61 (base 16) i